{"id":14,"date":"2025-10-21T22:54:56","date_gmt":"2025-10-21T22:54:56","guid":{"rendered":"http:\/\/chamerey.fr\/?page_id=14"},"modified":"2025-10-23T07:13:22","modified_gmt":"2025-10-23T07:13:22","slug":"rente-de-chamerey","status":"publish","type":"page","link":"http:\/\/chamerey.fr\/","title":{"rendered":""},"content":{"rendered":"\n<div class=\"wp-block-cover alignfull has-custom-content-position is-position-bottom-center\" style=\"margin-top:0;margin-bottom:0;padding-top:var(--wp--preset--spacing--50);padding-right:var(--wp--preset--spacing--50);padding-bottom:var(--wp--preset--spacing--50);padding-left:var(--wp--preset--spacing--50);min-height:840px;aspect-ratio:unset;\"><img loading=\"lazy\" decoding=\"async\" width=\"1024\" height=\"768\" class=\"wp-block-cover__image-background wp-image-15 size-large\" alt=\"\" src=\"http:\/\/chamerey.fr\/wp-content\/uploads\/2025\/10\/refuge-cour-1024x768.jpg\" data-object-fit=\"cover\" srcset=\"http:\/\/chamerey.fr\/wp-content\/uploads\/2025\/10\/refuge-cour-1024x768.jpg 1024w, http:\/\/chamerey.fr\/wp-content\/uploads\/2025\/10\/refuge-cour-300x225.jpg 300w, http:\/\/chamerey.fr\/wp-content\/uploads\/2025\/10\/refuge-cour-768x576.jpg 768w, http:\/\/chamerey.fr\/wp-content\/uploads\/2025\/10\/refuge-cour-1536x1152.jpg 1536w, http:\/\/chamerey.fr\/wp-content\/uploads\/2025\/10\/refuge-cour-2048x1536.jpg 2048w\" sizes=\"auto, (max-width: 1024px) 100vw, 1024px\" \/><span aria-hidden=\"true\" class=\"wp-block-cover__background has-background-dim-10 has-background-dim\"><\/span><div class=\"wp-block-cover__inner-container has-global-padding is-layout-constrained wp-container-core-cover-is-layout-d89aad35 wp-block-cover-is-layout-constrained\">\n<div class=\"wp-block-group alignwide has-global-padding is-content-justification-left is-layout-constrained wp-container-core-group-is-layout-12dd3699 wp-block-group-is-layout-constrained\">\n<h2 class=\"wp-block-heading has-text-align-left has-xx-large-font-size\">L&rsquo;exp\u00e9rience nature en C\u00f4te d&rsquo;Or<\/h2>\n\n\n\n<p>Cr\u00e9\u00e9 en 1982 dans une ancienne ferme, le refuge de la rente de Chamerey est situ\u00e9 sur la commune de Fixin. Site appr\u00e9ci\u00e9 des randonneurs, des grimpeurs et des pratiquants des sports nature, on y acc\u00e8de en quittant la route des Grand Crus pour rejoindre les for\u00eats de l&rsquo;arri\u00e8re-c\u00f4te.<br><\/p>\n\n\n\n<div class=\"wp-block-buttons is-layout-flex wp-block-buttons-is-layout-flex\">\n<div class=\"wp-block-button\"><a class=\"wp-block-button__link wp-element-button\">En savoir plus<\/a><\/div>\n<\/div>\n<\/div>\n<\/div><\/div>\n\n\n\n<div class=\"wp-block-group alignfull is-style-section-5 has-global-padding is-layout-constrained wp-block-group-is-layout-constrained is-style-section-5--1\" style=\"margin-top:0;margin-bottom:0;padding-top:var(--wp--preset--spacing--50);padding-bottom:var(--wp--preset--spacing--50)\">\n<div class=\"wp-block-columns alignwide is-layout-flex wp-container-core-columns-is-layout-7ee84d44 wp-block-columns-is-layout-flex\">\n<div class=\"wp-block-column is-vertically-aligned-center is-layout-flow wp-block-column-is-layout-flow\" style=\"flex-basis:50%\">\n<h2 class=\"wp-block-heading\">H\u00e9bergement en refuge<\/h2>\n\n\n\n<p class=\"has-medium-font-size\">D&rsquo;une capacit\u00e9 de 15 places, le refuge est ouvert aux groupes de randonneurs et aux amoureux de la nature. Il est compos\u00e9 d&rsquo;une salle commune, d&rsquo;une cuisine, d&rsquo;un dortoir et de blocs sanitaires.<\/p>\n\n\n\n<p>Informations et r\u00e9servations au 06 50 47 08 32.<\/p>\n<\/div>\n\n\n\n<div class=\"wp-block-column is-vertically-aligned-center is-layout-flow wp-block-column-is-layout-flow\" style=\"flex-basis:50%\">\n<figure class=\"wp-block-image size-large\"><img loading=\"lazy\" decoding=\"async\" width=\"1024\" height=\"576\" src=\"http:\/\/chamerey.fr\/wp-content\/uploads\/2025\/10\/1000005145-edited-1024x576.jpg\" alt=\"\" class=\"wp-image-19\" srcset=\"http:\/\/chamerey.fr\/wp-content\/uploads\/2025\/10\/1000005145-edited-1024x576.jpg 1024w, http:\/\/chamerey.fr\/wp-content\/uploads\/2025\/10\/1000005145-edited-300x169.jpg 300w, http:\/\/chamerey.fr\/wp-content\/uploads\/2025\/10\/1000005145-edited-768x432.jpg 768w, http:\/\/chamerey.fr\/wp-content\/uploads\/2025\/10\/1000005145-edited-1536x864.jpg 1536w, http:\/\/chamerey.fr\/wp-content\/uploads\/2025\/10\/1000005145-edited-2048x1152.jpg 2048w\" sizes=\"auto, (max-width: 1024px) 100vw, 1024px\" \/><\/figure>\n<\/div>\n<\/div>\n<\/div>\n\n\n\n<div class=\"wp-block-group alignfull is-style-section-5 has-global-padding is-layout-constrained wp-block-group-is-layout-constrained is-style-section-5--2\" style=\"margin-top:0;margin-bottom:0;padding-top:var(--wp--preset--spacing--50);padding-bottom:var(--wp--preset--spacing--50)\">\n<div class=\"wp-block-columns alignwide is-layout-flex wp-container-core-columns-is-layout-7ee84d44 wp-block-columns-is-layout-flex\">\n<div class=\"wp-block-column is-vertically-aligned-center is-layout-flow wp-block-column-is-layout-flow\" style=\"flex-basis:50%\">\n<figure class=\"wp-block-image size-full\"><img loading=\"lazy\" decoding=\"async\" width=\"768\" height=\"512\" src=\"http:\/\/chamerey.fr\/wp-content\/uploads\/2025\/10\/camping-tables-1-768x512-1.jpg\" alt=\"\" class=\"wp-image-28\" srcset=\"http:\/\/chamerey.fr\/wp-content\/uploads\/2025\/10\/camping-tables-1-768x512-1.jpg 768w, http:\/\/chamerey.fr\/wp-content\/uploads\/2025\/10\/camping-tables-1-768x512-1-300x200.jpg 300w\" sizes=\"auto, (max-width: 768px) 100vw, 768px\" \/><\/figure>\n<\/div>\n\n\n\n<div class=\"wp-block-column is-vertically-aligned-center is-layout-flow wp-block-column-is-layout-flow\" style=\"flex-basis:50%\">\n<h2 class=\"wp-block-heading\">Camping<\/h2>\n\n\n\n<p class=\"has-medium-font-size\">Cuisine, sanitaires, douche : un espace de camping est r\u00e9servable \u00e9galement de mars \u00e0 octobre.<\/p>\n<\/div>\n<\/div>\n<\/div>\n","protected":false},"excerpt":{"rendered":"<p>H\u00e9bergement en refuge D&rsquo;une capacit\u00e9 de 15 places, le refuge est ouvert aux groupes de randonneurs et aux amoureux de la nature. Il est compos\u00e9 d&rsquo;une salle commune, d&rsquo;une cuisine, d&rsquo;un dortoir et de blocs sanitaires. Informations et r\u00e9servations au 06 50 47 08 32. Camping Cuisine, sanitaires, douche : un espace de camping est [&hellip;]<\/p>\n","protected":false},"author":1,"featured_media":0,"parent":0,"menu_order":0,"comment_status":"closed","ping_status":"closed","template":"","meta":{"footnotes":""},"class_list":["post-14","page","type-page","status-publish","hentry"],"_links":{"self":[{"href":"http:\/\/chamerey.fr\/index.php\/wp-json\/wp\/v2\/pages\/14","targetHints":{"allow":["GET"]}}],"collection":[{"href":"http:\/\/chamerey.fr\/index.php\/wp-json\/wp\/v2\/pages"}],"about":[{"href":"http:\/\/chamerey.fr\/index.php\/wp-json\/wp\/v2\/types\/page"}],"author":[{"embeddable":true,"href":"http:\/\/chamerey.fr\/index.php\/wp-json\/wp\/v2\/users\/1"}],"replies":[{"embeddable":true,"href":"http:\/\/chamerey.fr\/index.php\/wp-json\/wp\/v2\/comments?post=14"}],"version-history":[{"count":10,"href":"http:\/\/chamerey.fr\/index.php\/wp-json\/wp\/v2\/pages\/14\/revisions"}],"predecessor-version":[{"id":33,"href":"http:\/\/chamerey.fr\/index.php\/wp-json\/wp\/v2\/pages\/14\/revisions\/33"}],"wp:attachment":[{"href":"http:\/\/chamerey.fr\/index.php\/wp-json\/wp\/v2\/media?parent=14"}],"curies":[{"name":"wp","href":"https:\/\/api.w.org\/{rel}","templated":true}]}}

<div class="wp-block-cover alignfull has-custom-content-position is-position-bottom-center" style="margin-top:0;margin-bottom:0;padding-top:var(--wp--preset--spacing--50);padding-right:var(--wp--preset--spacing--50);padding-bottom:var(--wp--preset--spacing--50);padding-left:var(--wp--preset--spacing--50);min-height:840px;aspect-ratio:unset;"><img loading="lazy" decoding="async" width="1024" height="768" class="wp-block-cover__image-background wp-image-15 size-large" alt="" src="http://chamerey.fr/wp-content/uploads/2025/10/refuge-cour-1024x768.jpg" data-object-fit="cover" srcset="http://chamerey.fr/wp-content/uploads/2025/10/refuge-cour-1024x768.jpg 1024w, http://chamerey.fr/wp-content/uploads/2025/10/refuge-cour-300x225.jpg 300w, http://chamerey.fr/wp-content/uploads/2025/10/refuge-cour-768x576.jpg 768w, http://chamerey.fr/wp-content/uploads/2025/10/refuge-cour-1536x1152.jpg 1536w, http://chamerey.fr/wp-content/uploads/2025/10/refuge-cour-2048x1536.jpg 2048w" sizes="auto, (max-width: 1024px) 100vw, 1024px" /><span aria-hidden="true" class="wp-block-cover__background has-background-dim-10 has-background-dim"></span><div class="wp-block-cover__inner-container has-global-padding is-layout-constrained wp-container-core-cover-is-layout-d89aad35 wp-block-cover-is-layout-constrained">
<div class="wp-block-group alignwide has-global-padding is-content-justification-left is-layout-constrained wp-container-core-group-is-layout-12dd3699 wp-block-group-is-layout-constrained">
<h2 class="wp-block-heading has-text-align-left has-xx-large-font-size">L&rsquo;expérience nature en Côte d&rsquo;Or</h2>



<p>Créé en 1982 dans une ancienne ferme, le refuge de la rente de Chamerey est situé sur la commune de Fixin. Site apprécié des randonneurs, des grimpeurs et des pratiquants des sports nature, on y accède en quittant la route des Grand Crus pour rejoindre les forêts de l&rsquo;arrière-côte.<br></p>



<div class="wp-block-buttons is-layout-flex wp-block-buttons-is-layout-flex">
<div class="wp-block-button"><a class="wp-block-button__link wp-element-button">En savoir plus</a></div>
</div>
</div>
</div></div>



<div class="wp-block-group alignfull is-style-section-5 has-global-padding is-layout-constrained wp-block-group-is-layout-constrained is-style-section-5--1" style="margin-top:0;margin-bottom:0;padding-top:var(--wp--preset--spacing--50);padding-bottom:var(--wp--preset--spacing--50)">
<div class="wp-block-columns alignwide is-layout-flex wp-container-core-columns-is-layout-7ee84d44 wp-block-columns-is-layout-flex">
<div class="wp-block-column is-vertically-aligned-center is-layout-flow wp-block-column-is-layout-flow" style="flex-basis:50%">
<h2 class="wp-block-heading">Hébergement en refuge</h2>



<p class="has-medium-font-size">D&rsquo;une capacité de 15 places, le refuge est ouvert aux groupes de randonneurs et aux amoureux de la nature. Il est composé d&rsquo;une salle commune, d&rsquo;une cuisine, d&rsquo;un dortoir et de blocs sanitaires.</p>



<p>Informations et réservations au 06 50 47 08 32.</p>
</div>



<div class="wp-block-column is-vertically-aligned-center is-layout-flow wp-block-column-is-layout-flow" style="flex-basis:50%">
<figure class="wp-block-image size-large"><img loading="lazy" decoding="async" width="1024" height="576" src="http://chamerey.fr/wp-content/uploads/2025/10/1000005145-edited-1024x576.jpg" alt="" class="wp-image-19" srcset="http://chamerey.fr/wp-content/uploads/2025/10/1000005145-edited-1024x576.jpg 1024w, http://chamerey.fr/wp-content/uploads/2025/10/1000005145-edited-300x169.jpg 300w, http://chamerey.fr/wp-content/uploads/2025/10/1000005145-edited-768x432.jpg 768w, http://chamerey.fr/wp-content/uploads/2025/10/1000005145-edited-1536x864.jpg 1536w, http://chamerey.fr/wp-content/uploads/2025/10/1000005145-edited-2048x1152.jpg 2048w" sizes="auto, (max-width: 1024px) 100vw, 1024px" /></figure>
</div>
</div>
</div>



<div class="wp-block-group alignfull is-style-section-5 has-global-padding is-layout-constrained wp-block-group-is-layout-constrained is-style-section-5--2" style="margin-top:0;margin-bottom:0;padding-top:var(--wp--preset--spacing--50);padding-bottom:var(--wp--preset--spacing--50)">
<div class="wp-block-columns alignwide is-layout-flex wp-container-core-columns-is-layout-7ee84d44 wp-block-columns-is-layout-flex">
<div class="wp-block-column is-vertically-aligned-center is-layout-flow wp-block-column-is-layout-flow" style="flex-basis:50%">
<figure class="wp-block-image size-full"><img loading="lazy" decoding="async" width="768" height="512" src="http://chamerey.fr/wp-content/uploads/2025/10/camping-tables-1-768x512-1.jpg" alt="" class="wp-image-28" srcset="http://chamerey.fr/wp-content/uploads/2025/10/camping-tables-1-768x512-1.jpg 768w, http://chamerey.fr/wp-content/uploads/2025/10/camping-tables-1-768x512-1-300x200.jpg 300w" sizes="auto, (max-width: 768px) 100vw, 768px" /></figure>
</div>



<div class="wp-block-column is-vertically-aligned-center is-layout-flow wp-block-column-is-layout-flow" style="flex-basis:50%">
<h2 class="wp-block-heading">Camping</h2>



<p class="has-medium-font-size">Cuisine, sanitaires, douche : un espace de camping est réservable également de mars à octobre.</p>
</div>
</div>
</div>

<p>Hébergement en refuge D&rsquo;une capacité de 15 places, le refuge est ouvert aux groupes de randonneurs et aux amoureux de la nature. Il est composé d&rsquo;une salle commune, d&rsquo;une cuisine, d&rsquo;un dortoir et de blocs sanitaires. Informations et réservations au 06 50 47 08 32. Camping Cuisine, sanitaires, douche : un espace de camping est [&hellip;]</p>
